et l(u) = -3*u**2 - 8*u + 43. Let o be l(4). Let g(b) = b**2 + 35*b - 74. Give g(o).
0
Let a = 7856 - -29270. Let n(q) = 8 - 37125*q**3 - 35 - 11*q + a*q**3 + 5*q**2. Give n(-6).
3
Suppose 0*y - 4*q - 7 = -y, 0 = -3*y + 5*q. Let g(a) = -279*a + 280*a - 6 + 8. Give g(y).
-3
Let i be (-26)/(-9)*6*(-135)/10. Let v = i - -224. Let w(o) = -o - 8. Calculate w(v).
2
Let r = -1173 + 1172. Let y(b) = -b**3 - b**2 - b. Let w(t) = -t**3 - 7*t**2 - t + 5. Let m(g) = r*w(g) + 2*y(g). Suppose -2*a = -4*a + 8. What is m(a)?
7
Let t(u) = -u**3 - u**2 + 7. Let i(b) = -5*b - 16. Let d be i(-4). Suppose -3*a - 5*g + d = 9, -a = -5*g - 5. What is t(a)?
7
Suppose -19*g = -7*g. Suppose g*c = -2*c - l - 15, c + 24 = 5*l. Let x(y) = 2*y - 12. Give x(c).
-30
Let c(p) = 5*p**2 + 3*p + 2. Let u(b) = -9*b**2 - 4*b - 3. Let y = -512 + 519. Let i(n) = y*c(n) + 4*u(n). Give i(4).
6
Let c(j) = -5*j**2 + 25*j + 5. Let f(a) = 10*a**2 - 45*a - 9. Let m(h) = -7*c(h) - 4*f(h). What is m(5)?
-99
Let m(f) = 649 + 651 - 1308 + 13*f. Give m(2).
18
Let s = -22132 + 22136. Let v(d) be the second derivative of 0 - 3/2*d**2 - 1/4*d**s - 21*d + 2/3*d**3. Determine v(2).
-7
Suppose o = 1 - 2, 2 = 4*g + 2*o. Let c(d) = 1 - d - g - 1. Let f be 13 - (22 - (-630)/(-45)). Give c(f).
-6
Let n be (-4)/(-6) - (-22)/(-6). Let m = -734 + 4553. Let u(f) = -3*f - f**2 - m + 4*f - f**3 + 3816. Give u(n).
12
Let o be (-1)/(5/(-15)) - -5. Let v(l) be the second derivative of l**4/12 - 4*l**3/3 + 17*l**2/2 + 2398*l. What is v(o)?
17
Let z(h) = -h**3 - 5*h**2 - 3*h - 2. Let x be z(-4). Let k = 253 - 244. Let g(l) = 6*l + 5 + l**2 + k + 11 + 12 - 35. Calculate g(x).
2
Let y(l) = 2*l**2 - 58*l - 72. Let h(x) = x**2 - 33*x - 37. Let v(c) = 7*h(c) - 4*y(c). Determine v(0).
29
Let c(f) = -117*f - 1 + 1 + 120*f + 3 - 5. Let q = 17 + -10. Calculate c(q).
19
Let m(z) = 10*z**2. Let b = 27 - -8. Suppose 5*a = -h + 175, 9*h = 13*h + 20. Let s = a - b. Calculate m(s).
10
Let b(t) = -t**2 + 3. Let o(q) = 68 + 64 + 65 - 199. Let s(x) = 2*b(x) + 3*o(x). Calculate s(2).
-8
Let o(c) = 2*c**2 + 25*c + 12. Let x = 10305 - 10316. What is o(x)?
-21
Suppose -30 + 33 = 3*z. Let d be 3 + -10*(0 + z). Let m(w) = 3 + 6*w + w**2 - 12*w - 2*w**2. Calculate m(d).
-4
Let d(n) be the first derivative of -n**4/4 - 2*n**3/3 - 2*n + 17. Let p(r) = 8*r**2 + 2*r - 8. Let g be p(2). Let v = 26 - g. What is d(v)?
-2
Let u(g) be the third derivative of 2/3*g**3 - 1/24*g**4 + 0*g + 9*g**2 + 0. Suppose 6 = 5*y + 3*o - 9, -o = -y - 5. Give u(y).
4
Let g(c) = 2*c**2 + c + 8. Let f(z) = -18*z - 288. Let j be f(-16). Calculate g(j).
8
Let a(n) = -5 + 5 - 28*n + 17*n - 14. Let q(s) = -5*s - 7. Let v(w) = 4*a(w) - 9*q(w). Calculate v(-5).
2
Suppose 3*g + 2*g = -20, g - 8 = -4*z. Let a(f) = -1 - f + 3 - z. Let m(b) = 3*b**2 + 7*b - 4. Let x be m(-3). Calculate a(x).
-3
Let b(g) = 0*g**2 + 3 - 62*g**3 + 0 + 0*g**2 + g**2 + 4*g + g**2. Give b(-1).
63
Let v be 20 + -14 + -4*1. Let s(l) = 43*l**3 - 174*l**v + 174*l**2 + 1. Determine s(-1).
-42
Let v(m) be the first derivative of -m**2/2 + 2*m + 77. Let q(x) = -5*x + 6. Let j(r) = -q(r) + 3*v(r). Let y be ((-24)/9)/((-2)/3). What is j(y)?
8
Let v(u) = 2*u**2 + 26*u + 26. Let m be v(-12). Let n(k) = k**2 + k**2 - k - 4*k**2 + 3*k**2 - 2*k**m + 10. What is n(-5)?
-10
Let j(r) = 6*r - 12. Let y be j(4). Suppose -15 = -5*u + p, 4*u - p - p = y. Let s(h) = h**2 + 0*h**2 - 1 - 23*h**3 + 24*h**u. Give s(0).
-1
Let y be (-20)/(-8)*(1 + 1). Suppose -5*m - 25 = -3*t - 97, 76 = y*m - 4*t. Let k(n) = n**2 - 12*n + 7. Give k(m).
7
Let h be 0 - 3 - (-1 - -17)/(-2). Let s(n) = 6*n + 1. Let u(z) = z. Let b(m) = h*u(m) - s(m). What is b(0)?
-1
Let w(h) = 3*h - 44. Let m be w(11). Let z(j) = -13*j + 47. Let v(a) = 8*a - 31. Let o(n) = 8*v(n) + 5*z(n). Determine o(m).
-2
Let z(h) = -2*h**3 - 2*h**2 + 6*h + 1. Let q(n) = n**3 + n. Let r(m) = 6*q(m) - z(m). Let j be r(1). Let a(g) = -2*g + 5. Give a(j).
-13
Let r(b) = -118 + 152*b + 156*b + 115 - 317*b. Suppose -14 = 5*x + 1. Let i(d) = 8*d + 4. Let a(p) = x*r(p) - 2*i(p). Give a(1).
12
Let r(f) = 6*f**3 + f**2 - 1. Suppose -5*t + 13*t = 32. Suppose -4*a - 9 = -4*n + 9*n, -4*n - t = 4*a. Suppose 11*b - a = 7. What is r(b)?
6
Let i(d) = 2*d + 655 - 1956 + 639 + 651. Calculate i(-24).
-59
Let a(u) = 2*u**2 - 41*u + 6. Suppose 2114*i - 2157*i + 860 = 0. What is a(i)?
-14
Let v(u) = -14*u**3 + u**2 - u - 1. Suppose -439*m + 12 = -435*m. Suppose -5*f + 3*s - 20 = 0, -m*f - 13 = 8*s - 10*s. Give v(f).
15
Let r(l) be the second derivative of l**3/3 + 6*l**2 - 2*l. Suppose 96 = 13*g + 31. Let x(w) = -w**3 + 2*w**2 + 13*w + 1. Let f be x(g). Give r(f).
-6
Let q(x) be the third derivative of x**6/120 + x**5/60 + x**4/24 - x**3/2 + 1162*x**2. Determine q(0).
-3
Let a(i) = 10001 - 5001 - i - 4996. What is a(-4)?
8
Let s = 76 + -197. Let n = s + 124. Suppose -8 + 2 = -n*p. Let u(i) = i**3 - 2*i + 3. Determine u(p).
7
Suppose 3*w - 4*z + 7 = z, -25 = -5*w + z. Let k(c) be the first derivative of 2 + 2*c**3 + c**2 + 7*c - 1/4*c**4. Give k(w).
19
Suppose 0 = -203*h + 1060 - 809 + 1779. Let o(b) = -b**2 + 2*b + 2. What is o(h)?
-78
Let h(k) = -5 - 202*k + 102*k + 101*k. Let c = 23 - 23. What is h(c)?
-5
Suppose -164*f + 0*f + 2737 = -3*f. Let u(s) be the first derivative of -1/2*s**2 - f + 14*s. Determine u(7).
7
Let p(j) = j + 9. Let m be p(-7). Let z(c) = -20*c**2 + 62 + 2*c - 64 + 16*c**2. Calculate z(m).
-14
Let u(i) = i**3 + 44*i**2 + 36*i - 40. Let r(j) = -j**3 - 41*j**2 - 34*j + 38. Let c(f) = 6*r(f) + 5*u(f). What is c(-25)?
3
Let k(a) be the first derivative of 1/3*a**3 - 13 - 5*a**2 + 2*a. Let j(g) be the first derivative of k(g). What is j(7)?
4
Let i(z) = 29*z**3 + 4*z**2 - 7*z + 50. Let x(j) = 48*j**3 + 8*j**2 - 16*j + 101. Let c(t) = -5*i(t) + 3*x(t). Determine c(4).
1
Let k = -8 - -10. Let d(w) = 648 + w**3 - 6*w**2 + 16*w - 10*w**k - 668. Calculate d(15).
-5
Let f(i) = -41 + 27*i**2 - i - 10 + 3*i - 26*i**2. What is f(6)?
-3
Let d(b) be the first derivative of -b**7/20 + b**6/180 + b**5/60 + b**4/24 + 2*b**3/3 + 15*b + 242. Let s(p) be the third derivative of d(p). Give s(-1).
43
Let p(i) = -i**3 - 4*i**2. Let b be (6/10)/(-17*18/(-7650)). Suppose 9*c - 4*c = 25. Suppose 0 = -c*t - b - 5. Give p(t).
0
Suppose 8*m + 757 = 717. Let z(s) = s**3 + 6*s**2 + 8*s + 15. Calculate z(m).
0
Let y = -3991 - -3998. Let k(v) = v**2 - 47. Determine k(y).
2
Let b(r) = 10*r + r**3 - 3 - 1 - 132*r**2 + 14*r**2 + 109*r**2. Calculate b(5).
-54
Let r be (60/18)/((-2)/(-6)). Suppose 21*a = -5*a + 572. Let m(b) = -a + b + r + 11. Determine m(-2).
-3
Suppose -5*v - 75*j + 78*j + 31 = 0, 5*v - 4*j - 33 = 0. Let t(p) be the first derivative of -p**4/4 + 2*p**3 - 2*p**2 - 8*p + 15. Calculate t(v).
-3
Let i(c) = c**2 + 369*c + 22050. Let x be i(-75). Let v(o) be the first derivative of -2 + 15*o + 1/3*o**3 + 0*o**2. Give v(x).
15
Let w be (-4)/6*1581/155*(-15)/6. Let j(q) = -8*q + 148. Calculate j(w).
12
Suppose -4*z = -5*k + 28 - 52, 0 = z - 1. Let a(j) = -9*j**2 - 35*j + 7. Give a(k).
3
Let j(u) be the third derivative of u**8/20160 + u**7/720 - 7*u**5/30 - u**4/24 - 189*u**2. Let p(h) be the third derivative of j(h). What is p(-5)?
-10
Let d be (90/60)/(((-7)/(-6))/7). Let b(j) = 7*j + 5. Let t(h) = -3*h - 2. Let p(r) = 2*b(r) + 5*t(r). Give p(d).
-9
Let m = -42 - -39. Let z = m - -6. Let b(k) = z*k - 5 - 5*k + k**2 + 6*k + 0*k. Give b(-5).
0
Let d(z) = -15*z**3 + 14*z**2 - 42*z + 20. Let m(c) = c**3 + 4*c + 1. Let w(i) = d(i) + 14*m(i). Determine w(15).
19
Let d(z) = -z**2 - 5*z + 6. Suppose -2*w = -3*j - 195, 2*j = 3*w - w - 194. Suppose 42*t - w - 30 = 0. Give d(t).
-18
Suppose 5 = -25*t + 26*t. Let u(k) = -3200*k**2 - 10 + t*k + 3199*k**2 + 5*k. Determine u(8).
6
Let p be 24/9*(-18)/(-24). Let o(u) = u. Let k(w) = -1. Let q(a) = 3*k(a) + o(a). Let t(i) = -2*i + 4. Let c(b) = p*t(b) + 3*q(b). Calculate c(-7).
6
Let k(o) = o**2 - o + 2. Let p(g) = -2*g**3 - 109*g**2 + 54*g - 52. Let w be p(-55). Determine k(w).
8
Let z(v) = 14697 - 7*v**2 - 3*v - 14698 + 8*v**2. What is z(3)?
-1
Let k(b) be the first derivative of b**4/4 - 14*b**3/3 + 13*b**2/2 - 4*b - 1. Let r be (2556 - -9)/45 - 44. Give k(r).
-4
Suppose 30 = 528*l - 522*l - 72. Let r(a) = 2*a - 38. Determine r(l).
-4
Suppose 5*h = 6*h + 7, 5*b